{"id":473,"date":"2020-12-29T14:47:08","date_gmt":"2020-12-29T14:47:08","guid":{"rendered":"https:\/\/medika.edu.rs\/?page_id=473"},"modified":"2024-12-27T22:12:27","modified_gmt":"2024-12-27T22:12:27","slug":"obavestenja","status":"publish","type":"page","link":"https:\/\/medika.edu.rs\/index.php\/obavestenja\/","title":{"rendered":"Obave\u0161tenja"},"content":{"rendered":"<div>\n<div>Po\u0161tovani,<\/div>\n<div>Ovim putem vas obave\u0161tavamo da \u0161kola ne\u0107e raditi od 30.12.2024. godine do 12.01.2025. godine. Prvi radni dan je ponedeljak, 13.01.2025. godine.<\/div>\n<div>Srda\u010dno, va\u0161a Medika!<\/div>\n<p><a href=\"https:\/\/medika.edu.rs\/wp-content\/uploads\/2024\/12\/cestitka-medika-1.jpg\"><img loading=\"lazy\" decoding=\"async\" class=\"alignnone wp-image-1247 size-large\" src=\"https:\/\/medika.edu.rs\/wp-content\/uploads\/2024\/12\/cestitka-medika-1-880x1024.jpg\" alt=\"\" width=\"819\" height=\"953\" srcset=\"https:\/\/medika.edu.rs\/wp-content\/uploads\/2024\/12\/cestitka-medika-1-880x1024.jpg 880w, https:\/\/medika.edu.rs\/wp-content\/uploads\/2024\/12\/cestitka-medika-1-258x300.jpg 258w, https:\/\/medika.edu.rs\/wp-content\/uploads\/2024\/12\/cestitka-medika-1-768x894.jpg 768w, https:\/\/medika.edu.rs\/wp-content\/uploads\/2024\/12\/cestitka-medika-1.jpg 930w\" sizes=\"auto, (max-width: 819px) 100vw, 819px\" \/><\/a><\/div>\n<div><a href=\"https:\/\/medika.edu.rs\/wp-content\/uploads\/2023\/12\/CESTITKA-ZA-NOVU-GODINU-MEDIKA.jpg\"><img loading=\"lazy\" decoding=\"async\" class=\"alignnone size-large wp-image-1183\" src=\"https:\/\/medika.edu.rs\/wp-content\/uploads\/2023\/12\/CESTITKA-ZA-NOVU-GODINU-MEDIKA-1024x1002.jpg\" alt=\"\" width=\"819\" height=\"801\" srcset=\"https:\/\/medika.edu.rs\/wp-content\/uploads\/2023\/12\/CESTITKA-ZA-NOVU-GODINU-MEDIKA-1024x1002.jpg 1024w, https:\/\/medika.edu.rs\/wp-content\/uploads\/2023\/12\/CESTITKA-ZA-NOVU-GODINU-MEDIKA-300x294.jpg 300w, https:\/\/medika.edu.rs\/wp-content\/uploads\/2023\/12\/CESTITKA-ZA-NOVU-GODINU-MEDIKA-768x752.jpg 768w, https:\/\/medika.edu.rs\/wp-content\/uploads\/2023\/12\/CESTITKA-ZA-NOVU-GODINU-MEDIKA-1536x1503.jpg 1536w, https:\/\/medika.edu.rs\/wp-content\/uploads\/2023\/12\/CESTITKA-ZA-NOVU-GODINU-MEDIKA.jpg 1600w\" sizes=\"auto, (max-width: 819px) 100vw, 819px\" \/><\/a><\/div>\n<div>\n<hr \/>\n<\/div>\n<div>Po\u0161tovani studenti,<br \/>\nObave\u0161tavamo vas da prijava ispita po\u010dinje 3.januara i traje do 12. januara 2024.godine.<br \/>\nOvera semestra je od 15. do 26.januara 2024.godine.<br \/>\nPolaganje ispita bi\u0107e odr\u017eano od 22.januara do 9.februara a raspored polaganja ispita dobi\u0107ete<br \/>\nblagovremeno.<br \/>\nVa\u0161a Medika<\/div>\n<div><\/div>\n<div>\n<hr \/>\n<\/div>\n<div><\/div>\n<div>Po\u0161tovani studenti,<\/div>\n<div>Ovim putem \u017eelimo da vas obavestimo da \u0161kola ne\u0107e raditi za vreme praznika, u periodu od 1.januara,<br \/>\ndo 8.januara 2024.godine.<br \/>\nPrvi radni dan \u0161kole bi\u0107e 9.januar 2024.godine.<br \/>\nTako\u0111e, 29.decembra \u0161kola \u0107e raditi skra\u0107eno od 8 do 12 \u010dasova.<\/div>\n<div>\n<hr \/>\n<p>&nbsp;<\/p>\n<p><a href=\"https:\/\/medika.edu.rs\/wp-content\/uploads\/2023\/04\/Screenshot_20230413_123256_Instagram.jpg\"><img loading=\"lazy\" decoding=\"async\" class=\"alignnone wp-image-1101 size-full\" src=\"https:\/\/medika.edu.rs\/wp-content\/uploads\/2023\/04\/Screenshot_20230413_123256_Instagram.jpg\" alt=\"\" width=\"978\" height=\"672\" srcset=\"https:\/\/medika.edu.rs\/wp-content\/uploads\/2023\/04\/Screenshot_20230413_123256_Instagram.jpg 978w, https:\/\/medika.edu.rs\/wp-content\/uploads\/2023\/04\/Screenshot_20230413_123256_Instagram-300x206.jpg 300w, https:\/\/medika.edu.rs\/wp-content\/uploads\/2023\/04\/Screenshot_20230413_123256_Instagram-768x528.jpg 768w\" sizes=\"auto, (max-width: 978px) 100vw, 978px\" \/><\/a><\/p>\n<hr \/>\n<p>Po\u0161tovani studenti,<br \/>\nPrijava ispita za aprilski ispitni rok po\u010dinje 27.03. 2023. godine i traje do<br \/>\n31.03.2023. godine.<br \/>\nAprilski ispitni rok \u0107e se odr\u017eati u periodu od 10.04.2023. godine do 25.04.2023.<br \/>\ngodine.<\/p>\n<p>Va\u0161a Medika<\/p>\n<hr \/>\n<p>OBAVE\u0160TENJE ZA STUDENTE:<br \/>\nPrijava ispita za januarski ispitni rok: 09.01. &#8211; 20.01.2023. godine,<br \/>\nOvera zimskog semestra: 23.01. &#8211; 27.01.2023. godine,<br \/>\nJanuarski ispitni rok: 28.01. &#8211; 17.02.2023. godine.<\/p>\n<hr \/>\n<p>Po\u0161tovani studenti,<br \/>\nObave\u0161tavamo vas da \u0107e prvi radni dan \u0161kole i studentske slu\u017ebe u 2023.godini biti 9.januar.<br \/>\nVa\u0161a Medika<\/p>\n<p><a href=\"https:\/\/medika.edu.rs\/wp-content\/uploads\/2022\/12\/cestitka-medika.jpg\"><img loading=\"lazy\" decoding=\"async\" class=\"alignnone wp-image-1063 size-large\" src=\"https:\/\/medika.edu.rs\/wp-content\/uploads\/2022\/12\/cestitka-medika-641x1024.jpg\" alt=\"\" width=\"641\" height=\"1024\" srcset=\"https:\/\/medika.edu.rs\/wp-content\/uploads\/2022\/12\/cestitka-medika-641x1024.jpg 641w, https:\/\/medika.edu.rs\/wp-content\/uploads\/2022\/12\/cestitka-medika-188x300.jpg 188w, https:\/\/medika.edu.rs\/wp-content\/uploads\/2022\/12\/cestitka-medika-768x1227.jpg 768w, https:\/\/medika.edu.rs\/wp-content\/uploads\/2022\/12\/cestitka-medika.jpg 1080w\" sizes=\"auto, (max-width: 641px) 100vw, 641px\" \/><\/a><\/p>\n<hr \/>\n<p>Po\u0161tovane kolege, dragi na\u0161i studenti,<\/p>\n<div>Obave\u0161tavamo vas da \u0107e nova \u0161kolska godina po\u010deti u ponedeljak 3.oktobra 2022.godine.<\/div>\n<div><\/div>\n<div>Nastava na osnovnim strukovnim studijama oba smera (stukovna medicinska sestra i strukovni fizioterapeut) po\u010dinje istog dana.<\/div>\n<div><\/div>\n<div>\u017delimo vam uspe\u0161an po\u010detak \u0161kolske godine i puno uspeha tokom nastavka \u0161kolovanja<\/div>\n<div><\/div>\n<div>Va\u0161a Medika.<\/div>\n<\/div>\n<hr \/>\n<p>OBAVE\u0160TENJE<\/p>\n<div>Obave\u0161tavaju se kandidati za upis da \u0107e prijemni ispit biti organizovan i u sedi\u0161tu \u0161kole u Beogradu i u visoko\u0161kolskoj jedinici u Kru\u0161evcu.<br \/>\nVa\u0161a &#8220;Medika&#8221;<\/div>\n<div>\n<hr \/>\n<\/div>\n<p><a href=\"https:\/\/medika.edu.rs\/wp-content\/uploads\/2022\/04\/Screenshot_20220423-182808_Instagram.jpg\"><img loading=\"lazy\" decoding=\"async\" class=\"size-large wp-image-925 aligncenter\" src=\"https:\/\/medika.edu.rs\/wp-content\/uploads\/2022\/04\/Screenshot_20220423-182808_Instagram-800x1024.jpg\" alt=\"\" width=\"800\" height=\"1024\" srcset=\"https:\/\/medika.edu.rs\/wp-content\/uploads\/2022\/04\/Screenshot_20220423-182808_Instagram-800x1024.jpg 800w, https:\/\/medika.edu.rs\/wp-content\/uploads\/2022\/04\/Screenshot_20220423-182808_Instagram-234x300.jpg 234w, https:\/\/medika.edu.rs\/wp-content\/uploads\/2022\/04\/Screenshot_20220423-182808_Instagram-768x983.jpg 768w, https:\/\/medika.edu.rs\/wp-content\/uploads\/2022\/04\/Screenshot_20220423-182808_Instagram.jpg 1080w\" sizes=\"auto, (max-width: 800px) 100vw, 800px\" \/><\/a><\/p>\n<hr \/>\n<div dir=\"auto\">\n<p>Veliko nam je zadovoljstvo da vas obavestimo da po\u010dinjemo sa upisom nove<br \/>\ngeneracije studenata.<\/p>\n<p>Visoka zdravstvena \u0161kola strukovnih studija \u201cMedika\u201c je samostalna<br \/>\nvisoko\u0161kolska ustanova koja realizuje trogodi\u0161nje studije (180 ES P bodova)<br \/>\nna studijskim programima:<br \/>\n&#8211; Strukovna medicinska sestra<br \/>\n&#8211; Strukovni fizioterapeut<br \/>\nStudentima je dostupan i master program:<br \/>\n&#8211; Menad\u017ement u zdravstvu<\/p>\n<p>Za sve informacije pogledajte na\u0161 sajt www.medika.edu.rs a mo\u017eete nas<br \/>\nkontaktirati putem mejla office@medika.edu.rs kao i na broj telefona 060 202 2150<\/p>\n<p>Na\u0161a vrata su otvorena za vas!<\/p>\n<\/div>\n<div dir=\"auto\">\n<hr \/>\n<p>Po\u0161tovani studenti,<\/p>\n<\/div>\n<div dir=\"auto\"><\/div>\n<div dir=\"auto\">Aprilski ispitni rok bi\u0107e realizovan od 11.do 21.aprila.<\/div>\n<div dir=\"auto\"><\/div>\n<div dir=\"auto\">Prijava ispita je do 1.aprila.<\/div>\n<div dir=\"auto\"><\/div>\n<div dir=\"auto\">Molimo Vas da na vreme prijavite ispite koje ste planirali da pola\u017eete u ovom roku.<\/div>\n<div dir=\"auto\"><\/div>\n<div dir=\"auto\">Uskoro \u0107emo objaviti raspored ispita.<\/div>\n<div dir=\"auto\"><\/div>\n<div dir=\"auto\">Za sva dodatna pitanja, stojimo vam na raspolaganju.<\/div>\n<div dir=\"auto\"><\/div>\n<div dir=\"auto\">Va\u0161a Medika<\/div>\n<div dir=\"auto\">\n<hr \/>\n<\/div>\n<p>Po\u0161tovani profesori i saradnici Medike,<br \/>\nKao \u0161to znate, na\u0161a \u0161kola je izuzetno posve\u0107ena u\u010de\u0161\u0107u na stru\u010dnim skupovima, simpozijumima,<br \/>\nzdravstvenim kongresima i ponosni smo \u0161to sve vi\u0161e na\u0161ih profesora, saradnika i studenata u\u010destvuje u<br \/>\nradu i prezentovanju svog znanja me\u0111u kolegama i dele\u0107i iskustva.<br \/>\nOvog puta \u017eelimo da Vas obavestimo da, ukoliko ste zainteresovani, mo\u017eete uzeti u\u010de\u0161\u0107e na<br \/>\nsimpozijumu u organizacji Unije udru\u017eenja medicinskih sestara i zdravstvenih tehni\u010dara Republike Srbije.<br \/>\nPoziv se upu\u0107uje medicinskim sestrama, lekarima, stomatolozima, saradnicima iz zdravstvenih i<br \/>\nobrazovnih institucija.<br \/>\nSimpozijum \u0107e biti odr\u017ean na Zlatiboru od 11.do 15 maja, a rok da dostavljanje apstrakta (kasnije i rada<br \/>\nkoji \u0107e biti objavljen) je kraj marta.<br \/>\nZa dodatne informacije i za prijavu u\u010de\u0161\u0107a na Simpozijumu predla\u017eemo Vam da kontaktirate Uniju<br \/>\nUdru\u017eenja putem mejla: unija.umsztrs@gmail.com<\/p>\n<hr \/>\n<p>&nbsp;<\/p>\n<p>Dragi studenti zavr\u0161nih godina studija,<br \/>\nVeliki broj vas nas je kontaktirao u vezi izrade zavr\u0161nih radova.<br \/>\nZnamo da ste nestrpljivi da svoje studije uskoro privedete kraju i sa velikim zadovoljstvom vas<br \/>\nobave\u0161tavamo vas da \u0107ete uskoro dobiti informacije koje se ti\u010du izrade zavr\u0161nih radova.<br \/>\nPravilnik \u0107ete dobiti putem mejla, a svi detalji bi\u0107e dostupni i na na\u0161em sajtu.<\/p>\n<hr \/>\n<p><a href=\"https:\/\/medika.edu.rs\/wp-content\/uploads\/2022\/03\/Screenshot_20220306-172800_Instagram.jpg\"><img loading=\"lazy\" decoding=\"async\" class=\"wp-image-873 aligncenter\" src=\"https:\/\/medika.edu.rs\/wp-content\/uploads\/2022\/03\/Screenshot_20220306-172800_Instagram-1024x760.jpg\" alt=\"\" width=\"700\" height=\"520\" srcset=\"https:\/\/medika.edu.rs\/wp-content\/uploads\/2022\/03\/Screenshot_20220306-172800_Instagram-1024x760.jpg 1024w, https:\/\/medika.edu.rs\/wp-content\/uploads\/2022\/03\/Screenshot_20220306-172800_Instagram-300x223.jpg 300w, https:\/\/medika.edu.rs\/wp-content\/uploads\/2022\/03\/Screenshot_20220306-172800_Instagram-768x570.jpg 768w, https:\/\/medika.edu.rs\/wp-content\/uploads\/2022\/03\/Screenshot_20220306-172800_Instagram.jpg 1080w\" sizes=\"auto, (max-width: 700px) 100vw, 700px\" \/><\/a><\/p>\n<hr \/>\n<p>Po\u0161tovani studenti osnovnih i master studija \u0161kole ,,Medika\u201d,<br \/>\nObave\u0161tavamo Vas da \u0107e letnji semestar po\u010deti 28.februara.<\/p>\n<p>\u017delimo vam puno sre\u0107e i uspeha i u ovom semestru!<\/p>\n<p>Za sve informacije, pitanja i sugestije stojimo vam na raspolaganju<\/p>\n<hr \/>\n<p><span style=\"font-weight: 400;\">Po\u0161tovane koleginice i kolege,<\/span><\/p>\n<p><span style=\"font-weight: 400;\">Zbog trenutne epidemiolo\u0161ke situacije, januarski ispitni rok \u0107e biti po\u010detkom februara 2021. godine.<\/span><\/p>\n<p>&nbsp;<\/p>\n<p><span style=\"font-weight: 400;\">Direktor\u00a0<\/span><\/p>\n<p><span style=\"font-weight: 400;\">prof. dr Miroslav Kne\u017eevi\u0107<\/span><\/p>\n<hr \/>\n<p><img loading=\"lazy\" decoding=\"async\" class=\"size-full wp-image-476 aligncenter\" src=\"https:\/\/medika.edu.rs\/wp-content\/uploads\/2020\/12\/Medika.jpg\" alt=\"\" width=\"600\" height=\"450\" srcset=\"https:\/\/medika.edu.rs\/wp-content\/uploads\/2020\/12\/Medika.jpg 600w, https:\/\/medika.edu.rs\/wp-content\/uploads\/2020\/12\/Medika-300x225.jpg 300w\" sizes=\"auto, (max-width: 600px) 100vw, 600px\" \/><\/p>\n<div>\n<hr \/>\n<\/div>\n<div style=\"text-align: left;\">Po\u0161tovani studenti,<\/div>\n<div style=\"text-align: left;\">Obave\u0161tavamo vas da \u0107e se junski ispitni rok odr\u017eati od<\/div>\n<div style=\"text-align: left;\"><strong>14.06 do 30.06.2021.<\/strong><\/div>\n<hr \/>\n<p>Kona\u010dne rang liste mo\u017eete pogledati na ovom <a href=\"https:\/\/medika.edu.rs\/index.php\/konkurs\/\">LINKu<\/a><\/p>\n<hr \/>\n<p><img loading=\"lazy\" decoding=\"async\" class=\"size-large wp-image-822 aligncenter\" src=\"https:\/\/medika.edu.rs\/wp-content\/uploads\/2021\/12\/\u0427\u0435\u0441\u0442\u0438\u0442\u043a\u0430--1024x640.jpg\" alt=\"\" width=\"819\" height=\"512\" srcset=\"https:\/\/medika.edu.rs\/wp-content\/uploads\/2021\/12\/\u0427\u0435\u0441\u0442\u0438\u0442\u043a\u0430--1024x640.jpg 1024w, https:\/\/medika.edu.rs\/wp-content\/uploads\/2021\/12\/\u0427\u0435\u0441\u0442\u0438\u0442\u043a\u0430--300x188.jpg 300w, https:\/\/medika.edu.rs\/wp-content\/uploads\/2021\/12\/\u0427\u0435\u0441\u0442\u0438\u0442\u043a\u0430--768x480.jpg 768w, https:\/\/medika.edu.rs\/wp-content\/uploads\/2021\/12\/\u0427\u0435\u0441\u0442\u0438\u0442\u043a\u0430-.jpg 1920w\" sizes=\"auto, (max-width: 819px) 100vw, 819px\" \/><\/p>\n<hr \/>\n<p>Po\u0161tovani studenti osnovnih i master studija \u0161kole ,,Medika\u201d,<\/p>\n<p>Obave\u0161tavamo Vas da \u0107e prijava ispita za januarski ispitni rok biti od 10. do 21.januara 2022.godine.<\/p>\n<p>Ispitni rok \u0107e po\u010deti 1.februara 2022.<\/p>\n<p>Raspored ispita na osnovnim i master studijama \u0107e uskoro biti dostupan.<\/p>\n<hr \/>\n<p><a href=\"https:\/\/medika.edu.rs\/wp-content\/uploads\/2021\/12\/\u010cestitka-1.jpg\"><img loading=\"lazy\" decoding=\"async\" class=\"size-large wp-image-835 aligncenter\" src=\"https:\/\/medika.edu.rs\/wp-content\/uploads\/2021\/12\/\u010cestitka-1-1024x640.jpg\" alt=\"\" width=\"819\" height=\"512\" srcset=\"https:\/\/medika.edu.rs\/wp-content\/uploads\/2021\/12\/\u010cestitka-1-1024x640.jpg 1024w, https:\/\/medika.edu.rs\/wp-content\/uploads\/2021\/12\/\u010cestitka-1-300x188.jpg 300w, https:\/\/medika.edu.rs\/wp-content\/uploads\/2021\/12\/\u010cestitka-1-768x480.jpg 768w, https:\/\/medika.edu.rs\/wp-content\/uploads\/2021\/12\/\u010cestitka-1.jpg 1920w\" sizes=\"auto, (max-width: 819px) 100vw, 819px\" \/><\/a><\/p>\n<hr \/>\n<p>Po\u010detkom decembra Visoka zdravstvena \u0161kola strukovnih studija ,,Medika\u201d dobila je poziv da se odazove<br \/>\ninicijativi za osnivanje Sportskog saveza studenata strukovnih studija Srbije. Na\u0161a \u0161kole se priklju\u010dila<br \/>\ninicijativi<br \/>\nStudentski parlament Visoke zdravstvene \u0161kole strukovnih studija &amp;quot;Medika&amp;quot; je na sednici odr\u017eanoj<br \/>\n11.12.2021. godine izabrao studenta Bojana Mitrovi\u0107a za koordinatora za sport.<br \/>\n\u010cestitamo Bojanu i \u017eelimo mu puno sre\u0107e kao kordinatora za sport a na\u0161im studentima koji se budu<br \/>\nnadmetali \u017eelimo puno sre\u0107e i uspeha na takmi\u010denjima.<\/p>\n<hr \/>\n<p>&nbsp;<\/p>\n","protected":false},"excerpt":{"rendered":"<p>Po\u0161tovani, Ovim putem vas obave\u0161tavamo da \u0161kola ne\u0107e raditi od 30.12.2024. godine do 12.01.2025. godine. Prvi radni dan je ponedeljak, 13.01.2025. godine. Srda\u010dno, va\u0161a Medika! [&hellip;]<\/p>\n","protected":false},"author":1,"featured_media":0,"parent":0,"menu_order":0,"comment_status":"closed","ping_status":"closed","template":"","meta":{"footnotes":""},"class_list":["post-473","page","type-page","status-publish","hentry"],"_links":{"self":[{"href":"https:\/\/medika.edu.rs\/index.php\/wp-json\/wp\/v2\/pages\/473","targetHints":{"allow":["GET"]}}],"collection":[{"href":"https:\/\/medika.edu.rs\/index.php\/wp-json\/wp\/v2\/pages"}],"about":[{"href":"https:\/\/medika.edu.rs\/index.php\/wp-json\/wp\/v2\/types\/page"}],"author":[{"embeddable":true,"href":"https:\/\/medika.edu.rs\/index.php\/wp-json\/wp\/v2\/users\/1"}],"replies":[{"embeddable":true,"href":"https:\/\/medika.edu.rs\/index.php\/wp-json\/wp\/v2\/comments?post=473"}],"version-history":[{"count":37,"href":"https:\/\/medika.edu.rs\/index.php\/wp-json\/wp\/v2\/pages\/473\/revisions"}],"predecessor-version":[{"id":1248,"href":"https:\/\/medika.edu.rs\/index.php\/wp-json\/wp\/v2\/pages\/473\/revisions\/1248"}],"wp:attachment":[{"href":"https:\/\/medika.edu.rs\/index.php\/wp-json\/wp\/v2\/media?parent=473"}],"curies":[{"name":"wp","href":"https:\/\/api.w.org\/{rel}","templated":true}]}}